Give m(-37).
0
Let i(g) = -g**2 - 2304*g - 420666. What is i(-200)?
134
Let k(u) = 34*u + 2020. Determine k(-42).
592
Let m(b) = 39119*b + 157166. Determine m(-4).
690
Let g(o) = -7*o**3 - 142*o**2 - 419*o + 7. Calculate g(-3).
175
Let d(j) = 27*j**3 - 916*j**2 - 76*j + 271. Calculate d(34).
-1
Let l(b) = 2958*b - 1481964. Calculate l(501).
-6
Let m(a) = -29*a**2 - 2783*a + 172. What is m(-96)?
76
Let p(t) = t**3 + 3*t**2 + 69*t + 637. Calculate p(-16).
-3795
Let f(r) = -9*r**2 + 39*r + 125. Determine f(7).
-43
Let a(c) = 3*c**2 + 550*c + 4089. Calculate a(-9).
-618
Let a(j) = 88*j**2 + 983*j - 4944. Determine a(5).
2171
Let p(l) = -1453*l - 499826. Give p(-344).
6
Let b(n) = -401*n**2 - 4219*n + 2107. Determine b(-11).
-5
Let s(m) = 2*m**3 + 47*m**2 + 42*m + 173. Give s(-23).
-264
Let x(f) = 1979*f - 207815. What is x(105)?
-20
Let a(p) = 269364*p - 8080920. Give a(30).
0
Let r(b) = -b**2 - 1727*b - 52579. What is r(-31)?
-3
Let z(v) = 7096*v + 3931157. Calculate z(-554).
-27
Let h(t) = 17*t**3 - 39494*t**2 + 7003*t - 78979. What is h(2323)?
3
Let g(v) = 3*v**3 + 392*v**2 - 25275*v + 244. What is g(-178)?
66
Let i(k) = k**2 + 189*k + 1729. What is i(-164)?
-2371
Let u(c) = 3*c**2 + 87*c - 1916973. What is u(-814)?
-3
Let l(u) = -867*u + 351133. What is l(405)?
-2
Let h(k) = 44*k**2 - 1325*k + 160. Determine h(30).
10
Let x(s) = 5*s**2 - 356*s - 4600. Calculate x(-11).
-79
Let w(c) = 15*c**3 - 573*c**2 + 127*c - 127. Give w(38).
367
Let i(f) = 4*f**3 - 27*f**2 - 9*f + 9. Calculate i(7).
-5
Let u(i) = -i**2 + 74*i - 1104. Calculate u(49).
121
Let m(p) = 55*p**2 + 60*p - 1033. Give m(11).
6282
Let d(i) = -2*i**2 + 5304*i - 100138. What is d(19)?
-84
Let j(s) = 221*s - 64972. Give j(294).
2
Let q(o) = 2*o**3 + 78*o**2 - 16*o - 169. What is q(-39)?
455
Let d(k) = 72714*k - 508965. Give d(7).
33
Let q(a) = -35162*a - 1476792. Determine q(-42).
12
Let m(p) = -2*p**3 + 55*p**2 + 1611*p - 471. Calculate m(-18).
15
Let t(l) = -20653*l + 5658888. Determine t(274).
-34
Let i(h) = -h**3 + 10*h**2 - 10687*h + 139370. What is i(13)?
-68
Let v(c) = -788*c**2 + 171*c + 334. Determine v(-2).
-3160
Let m(n) = -347365*n + 1042100. Calculate m(3).
5
Let i(u) = 26622*u + 2262849. What is i(-85)?
-21
Let o(u) = -94*u + 9668. What is o(106)?
-296
Let r(g) = 18*g**2 + 34*g - 115. Determine r(-3).
-55
Let f(i) = -2*i**2 + 11212*i + 67351. Determine f(-6).
7
Let t(q) = -2*q**2 + 88*q - 635. Determine t(36).
-59
Let x(j) = 5*j**2 - 2442*j + 9722. What is x(4)?
34
Let p(k) = 4*k**3 + 136*k**2 + 640*k - 910. Calculate p(-28).
-14
Let w(q) = 20*q**2 - 625*q - 91. Give w(23).
-3886
Let q(k) = -205816*k + 1440746. Give q(7).
34
Let d(l) = 8*l**2 + 1116*l - 555. Determine d(-140).
5
Let p(g) = -18*g**2 - 55*g + 247. What is p(-6)?
-71
Let j(x) = 79053*x + 136129269. Give j(-1722).
3
Let g(b) = -1266*b - 244340. What is g(-193)?
-2
Let s(f) = f**2 - 367*f - 8126. Calculate s(388).
22
Let o(u) = 105*u**2 + 1351*u - 6789. Give o(5).
2591
Let m(i) = 205*i - 9760. What is m(47)?
-125
Let g(v) = -2*v**2 - 515*v + 21302. Determine g(-292).
1154
Let z(d) = -d**2 + 12224*d - 1284512. Determine z(106).
-4
Let l(h) = -26*h**2 + 653*h - 2410. Determine l(21).
-163
Let m(j) = -4241*j + 1. What is m(0)?
1
Let v(g) = 242*g**2 + 8856*g - 43713. Give v(-41).
-7
Let w(k) = 142*k**3 - 942*k**2 + 553*k - 82. What is w(6)?
-4
Let m(a) = a**3 - 27*a**2 - 4990*a - 3482. Give m(-58).
-2
Let t(q) = q**3 + 1108*q**2 - 49488*q + 5702. Determine t(-1151).
-53
Let l(t) = 27*t**3 - 147*t**2 + 66*t - 2. Calculate l(5).
28
Let d(h) = 42335*h - 508015. Give d(12).
5
Let f(v) = -9*v**3 + 1002*v**2 - 2287*v - 240. Determine f(109).
-22
Let a(q) = -q**3 + 17*q**2 + 480*q - 8515. Give a(18).
-199
Let v(p) = -p**2 + 71*p + 2760. Give v(-34).
-810
Let c(q) = 113946*q + 12306175. Determine c(-108).
7
Let d(g) = 26*g**2 + 818*g + 1842. Give d(-29).
-14
Let z(u) = 203*u**2 - 3653*u + 80. Give z(18).
98
Let g(l) = -l**2 + 29985*l - 149900. What is g(5)?
0
Let b(n) = 8*n**2 - 790*n + 18222. Give b(62).
-6
Let k(i) = i**2 - 157*i + 6737. Give k(67).
707
Let n(s) = s**2 + 84*s + 1015. What is n(-56)?
-553
Let r(w) = w**3 + 44*w**2 - 238*w + 3108. Give r(-50).
8
Let x(m) = 35*m**2 + 777*m - 14. Calculate x(-23).
630
Let m(h) = -2016*h**2 + 18174*h - 324. What is m(9)?
-54
Let l(w) = -334754*w - 14394417. Give l(-43).
5
Let x(a) = a**3 + 392*a**2 + 16810*a + 1034. Determine x(-343).
5
Let o(b) = 3*b**3 - b**2 + 3417*b - 10306. Determine o(3).
17
Let t(u) = u**3 + 5*u**2 + 2781*u - 20053. Give t(7).
2
Let d(k) = -32524*k - 99442. Calculate d(-3).
-1870
Let x(o) = -o**3 - 11*o**2 + 140*o - 20. Calculate x(7).
78
Let d(s) = -16*s**2 - 3868*s - 30126. What is d(-8)?
-206
Let j(x) = 161*x - 3029. Calculate j(22).
513
Let c(i) = -i**3 - 12*i**2 + 309*i - 1101. What is c(5)?
19
Let w(z) = z**2 - 497*z - 108408. Calculate w(-164).
-4
Let a(j) = 71*j - 21438. Calculate a(262).
-2836
Let y(c) = c**3 + 157*c**2 - 16150*c - 2694. What is y(71)?
4
Let u(m) = -11*m**2 + 762*m - 5454. Determine u(7).
-659
Let o(b) = -17897*b + 429531. Calculate o(24).
3
Let j(p) = 252*p**2 + 6084*p + 771. Determine j(-24).
-93
Let v(z) = 432*z - 5545. What is v(14)?
503
Let g(u) = 27*u**3 - 7*u**2 + 424*u + 1300. What is g(-3)?
-764
Let s(w) = -3*w**3 - 3262*w**2 + 18593*w + 13116. Determine s(-1093).
0
Let v(s) = -s**3 + 16*s**2 - 969*s + 16701. Calculate v(17).
-61
Let m(l) = -l**3 + 42*l**2 - 401*l - 123. Determine m(27).
-15
Let y(o) = 4*o**3 - 93*o**2 - 270*o - 398. Calculate y(26).
18
Let o(r) = -10*r**2 + 11473*r + 45992. Give o(-4).
-60
Let f(m) = -454*m**2 + 2476*m - 1027. Calculate f(5).
3
Let o(s) = -s**2 + 38886*s - 583054. Calculate o(15).
11
Let x(a) = -1366*a + 199422. Give x(146).
-14
Let p(o) = 1715*o - 10375. Determine p(6).
-85
Let s(m) = -3567*m - 124830. Give s(-35).
15
Let n(r) = -r**3 - 36*r**2 + 1797*r + 90. Determine n(-64).
-230
Let k(o) = 44929*o + 269597. Determine k(-6).
23
Let h(q) = -q**3 + 6*q**2 + 2397*q - 14207. Determine h(6).
175
Let a(t) = -t**2 - 1787*t + 54680. Calculate a(30).
170
Let u(h) = -78*h**3 + 241*h**2 + 91*h - 268. What is u(3)?
68
Let v(d) = -20*d**2 - 3676*d - 3675. Calculate v(-1).
-19
Let v(l) = 6524*l - 260952. Calculate v(40).
8
Let u(v) = -5133*v - 395316. Determine u(-77).
-75
Let p(g) = -3085*g + 15352. Calculate p(5).
-73
Let y(a) = -3*a**2 - 944*a + 87680. What is y(75)?
5
Let x(b) = 2*b**3 - 2*b**2 - 17*b + 370. Give x(8).
1130
Let x(n) = -n**3 + 13*n**2 - 26*n + 32. Determine x(8).
144
Let q(i) = -i**3 + 146*i**2 - 552*i - 2074. What is q(142)?
198
Let t(l) = -5*l**3 + l**2 + 550*l - 3. What is t(0)?
-3
Let j(q) = -15857*q - 15867. Calculate j(-1).
-10
Let n(y) = 2*y**3 + 13*y**2 - 80*y + 86. Determine n(3).
17
Let i(x) = -673*x + 2173. Give i(3).
154
Let n(m) = -5722*m - 400544. What is n(-70)?
-4
Let q(t) = -t**3 + 13*t**2 - 111669*t + 893031. Give q(8).
-1
Let o(p) = -119660*p - 717952. Calculate o(-6).
8
Let s(g) = -g**3 + 266*g**2 + 6361*g - 7199. What is s(288)?
1
Let g(u) = 14*u**2 - 85*u - 101. Determine g(20).
3799
Let x(h) = h**2 - 363*h + 12950. Give x(40).
30
Let d(l) = 52*l**2 - 73*l - 200. Calculate d(-4).
924
Let c(q) = -398*q + 24846. What is c(58)?
1762
Let o(h) = -26*h**2 + 286*h - 466. Determine o(2).
2
Let f(i) = -4134*i - 90592. Calculate f(-22).
356
Let o(c) = 5*c**2 + 2658*c - 11785. Determine o(-536).
7
Let m(p) = 12*p**3 + 104*p**2 - 2040*p - 18254. Determine m(-9).
-218
Let b(h) = -8329*h - 149863. Give b(-18).
59
Let f(k) = -397*k**2 - 1863*k - 1862. Give f(-1).
-396
Let l(v) = 239712*v + 2397134. Calculate l(-10).
14
Let d(t) = 45*t**2 + 747*t + 27. Give d(-18).
1161
Let z(q) = -15064*q + 60250. Give z(4).
-6
Let x(n) = -65*n**2 + 647*n + 708. What is x(-1)?
-4
Let u(g) = 10871*g - 43656. Give u(4).
-172
Let m(v) = -5*v**3 - 519*v**2 - 1336*v - 206416. Calculate m(-105).
14
Let y(w) = 1658*w + 62143. Determine y(-36).
2455
Let h(i) = 34*i**2 - 198*i - 233. Determine h(8).
359
Let m(j) = -2*j**3 - 30*j**2 + 235*j + 39. Give m(6).
-63
Let i(f) = -2*f**3 + 21*f**2 - 3*f + 158. Calculate i(11).
4
Let f(y) = y**2 - 4052*y + 24257. Determine f(6).
-19
Let x(l) = -3*l**3 - 94*l**2 - 210*l + 130. Calculate x(-3).
-5
Let w(m) = 56154*m + 5952342. What is w(-106)?
18
Le